t the prime factors of 16/(-24) - (-1390)/6.
3, 7, 11
Suppose 2*d + 1 - 7 = 0. Suppose 3*z - 5*x - 38 = 0, -4*z = x - d*x - 60. What are the prime factors of z?
2
Let a = 131 + -67. List the prime factors of a.
2
Let d be (9/6)/((-2)/8). Let s be ((-12)/10)/(d/(-20)). Let q = s - -19. What are the prime factors of q?
3, 5
Let u(f) = -f + 4. Suppose -12 = -2*s - s. Let z be u(s). Suppose z = -v + 3 + 10. List the prime factors of v.
13
Let a be -5 - -1 - (-1 + 1). Let c = 2 - a. Suppose -5*h = -c - 49. List the prime factors of h.
11
Suppose -3*z + 4*z - 21 = -2*c, 2*c - 32 = -2*z. List the prime factors of z.
11
Suppose -4*d - 36 = -12. List the prime factors of (5 - -19)*(-2)/d.
2
List the prime factors of ((-780)/(-25))/(4/20 + 0).
2, 3, 13
Let i = -75 + 39. Let f be ((-2)/(-6))/(1/(-3)). List the prime factors of (i/21)/(f/7).
2, 3
Suppose j + 19 = -0*d + 3*d, -2*j = -d + 13. Suppose -d*w + 147 + 63 = -5*i, -5*i = 5*w - 190. List the prime factors of w.
2, 5
List the prime factors of (2 + 1)/(5/95).
3, 19
Let v(j) = -j**3 - 5*j**2 - 3*j + 6. Let x be (-1)/((-33)/(-15) - 2). List the prime factors of v(x).
3, 7
Suppose -2*k + 142 = -4*k + 4*a, 2*k = a - 142. Let r = k + 104. What are the prime factors of r?
3, 11
Let w(z) = z + 284. Let p be w(0). List the prime factors of p/14 + (-2)/7.
2, 5
Suppose -23 = 2*k + 7. List the prime factors of 3 + 6/(-3) - k.
2
Let a(n) = 2*n**2 - 1 - 2*n - 1 + 2. What are the prime factors of a(2)?
2
Let j(c) = 34*c**2 + 3*c - 3. What are the prime factors of j(1)?
2, 17
Suppose 2*p + 991 = 5*j + 6*p, 2*p - 794 = -4*j. List the prime factors of j.
199
Let f = 4 + 2. What are the prime factors of f/(-4) - 68/(-8)?
7
Let y(w) be the third derivative of -w**5/60 + w**4/12 - 4*w**2. Let b be y(-4). List the prime factors of (b/(-20))/(2/25).
3, 5
Let q(s) = -18*s + 2. Let a(w) = w + 1. Let k(i) = -10*a(i) - q(i). List the prime factors of k(7).
2, 11
Let a be (-2 + 14)*1 - 2. Let n = -2 - a. Let f = 19 + n. What are the prime factors of f?
7
What are the prime factors of (96/20)/(6/160)?
2
Suppose -2*j + 7*j = 0. Suppose -3*z + 0 + 27 = j. List the prime factors of z.
3
Let k be 11/4 - (-6)/(-8). Suppose -13 + 49 = k*d. List the prime factors of d.
2, 3
Suppose 0 = 2*a - 542 + 204. List the prime factors of a.
13
Let u be -3 - (-2 + 1) - -1. Let w be 5 + -3 + (u - 0). What are the prime factors of 2*w/2*2?
2
Let o be 3 + (1 + -2)*2. Let s = 18 + -13. Suppose 0 = c + q - 0*q - o, -s*c - q = -9. List the prime factors of c.
2
Suppose -3*l = -7*l + 84. Let t be ((-78)/9)/(4/6). Let u = t + l. List the prime factors of u.
2
Suppose 2*w + w = 48. List the prime factors of w.
2
Suppose 5*r - 3*p - 6 = 4*r, 4 = 2*r - 2*p. Let t(x) = -x**3 - x - 1. Let k be t(r). Let n(m) = 9*m**2 - 1. What are the prime factors of n(k)?
2
Let b = -4 + 4. Suppose -w - 5 = -4*f, b = -2*f + 4 - 2. What are the prime factors of w - 0 - (-4 - 0)?
3
Let y = 48 - 15. Suppose 4*v - 15 = y. List the prime factors of v.
2, 3
Suppose -5*l = -0*l - 10. Let y(p) = -5 + 3 - 2*p + p**3 + 6*p - 3*p**l. What are the prime factors of y(2)?
2
Let a(z) = -z**3 - z**2 - z + 2. Let y be a(0). Suppose 20 + 4 = 4*s + 5*v, y*s = 3*v + 12. What are the prime factors of s?
2, 3
Let c(m) = 4*m**3 - m**2 + m + 1. Let l be c(2). Let y = 48 - l. What are the prime factors of y?
17
Let x(z) = 1 - 2*z + 7*z - 4*z - z**2. Let l(a) = -6*a - 1. Let o(q) = l(q) + x(q). What are the prime factors of o(-3)?
2, 3
Let p = 11 + 1. List the prime factors of (-5 - -12)*p/7.
2, 3
Let h(z) = z - 4. Let u = 16 + -8. Let m be h(u). What are the prime factors of 22/m*(8 - 6)?
11
Let q(r) = 10*r**2 - 8*r - 7. List the prime factors of q(-2).
7
What are the prime factors of 2 - (1 - 1) - -103?
3, 5, 7
Let r(j) = j**3 + 4*j**2 - 5*j + 3. Let s be -6 + 1 + -1 + 1. Let m be r(s). Suppose h = m + 8. What are the prime factors of h?
11
Suppose 2*f = -f. Suppose r + f*a - 11 = 4*a, 0 = -2*a - 4. Suppose o + 6 = r*c, -o - c = -0*c - 10. What are the prime factors of o?
2, 3
Let j = 127 - 91. List the prime factors of j.
2, 3
Suppose -5 = -3*c - 2. Let m = c - -5. What are the prime factors of m?
2, 3
Let m(d) = d**2 + 11. Let w be m(0). Let r = w + -5. What are the prime factors of r?
2, 3
Let x(j) = 2*j**2 - j + 60. List the prime factors of x(0).
2, 3, 5
Suppose -2*i - 4 = -2. Let u be 3/(3/(-7)) + i. Let b(k) = -k**3 - 9*k**2 - 9*k - 3. What are the prime factors of b(u)?
5
Suppose 2*z + 4*q = 6*z - 248, -z + 59 = -4*q. What are the prime factors of z?
3, 7
Let y be (-3)/((5/18)/(-5)). Let j = 75 - y. What are the prime factors of j?
3, 7
What are the prime factors of 3*(-3)/6 + 726/4?
2, 3, 5
Let d = 38 - -7. Suppose 4*q = q + d. What are the prime factors of q?
3, 5
Suppose 8*k - 10*k = -160. List the prime factors of k.
2, 5
Let c = 3 - -177. List the prime factors of c.
2, 3, 5
What are the prime factors of 2 - (548/(-10) - (-6)/(-30))?
3, 19
Suppose 0 = 3*m + 3*n - 63, 4*m = -2*n + 5*n + 77. Suppose m = 5*r - 60. List the prime factors of r.
2
Let u = 10 + -10. Let p(d) = -d**3 - d**2 + d + 20. List the prime factors of p(u).
2, 5
Let q be ((-1)/(-4)*0)/1. Suppose q = -4*m + 3*m + 20. What are the prime factors of m?
2, 5
List the prime factors of 12 + -1 + (-6 - -4).
3
Let f(q) be the second derivative of -q + 1/3*q**3 + 1/12*q**4 + 0 - 3/2*q**2. What are the prime factors of f(2)?
5
Suppose 105 = d + h, d + h = -h + 110. What are the prime factors of d?
2, 5
Let s(w) = -w**3 - 8*w**2 - 10*w. Let m be s(-7). Let g = 61 - m. List the prime factors of g/(-12)*24/(-10).
2
Suppose 0 = -3*n + 3*y - 3 - 6, -3*n - 3*y - 21 = 0. Let i = n - -10. What are the prime factors of i?
5
Suppose -g + 0*g = -5. Suppose -7 - 9 = 4*l + 4*j, -5*l + g*j = -20. Suppose l*n + 40 = 3*r + 4*n, -24 = -4*r + 2*n. List the prime factors of r.
2
Suppose -3*y = 4*c + 40, -2*c = 4 + 4. Let b(l) = l**2 + 7*l + 3. List the prime factors of b(y).
11
Suppose -m + 4*t = -18, 2*m - t - 11 - 4 = 0. What are the prime factors of m?
2, 3
Let q be (-3)/12*-10*10. Let h = -14 + q. List the prime factors of h.
11
Suppose -5*y = 104 - 24. Let f = -10 - y. Let i = f - 3. List the prime factors of i.
3
Suppose 0 = -2*p + 9 + 3. Let g = -4 - p. List the prime factors of (-1 - 6)*(9 + g).
7
Let w(k) = k**3 - 9*k**2 + 4*k - 23. List the prime factors of w(11).
263
Let u(n) be the second derivative of n**4/4 + 5*n**3/6 + 5*n**2/2 - 5*n. What are the prime factors of u(-4)?
3, 11
Let s(h) = h**2 - 14*h - 5. List the prime factors of s(16).
3
Let w(j) = j**3 - 3*j**2 - 2*j - 4. Let l be w(4). Suppose -l*v + 5 = 3*t - 18, -5*v + 2*t = -23. List the prime factors of v.
5
Suppose -66 = -r + 4*o, r = -2*r - 5*o + 198. List the prime factors of r.
2, 3, 11
What are the prime factors of 4/30 - (-1258)/15?
2, 3, 7
List the prime factors of ((-264)/(-40))/((-1)/(-5)).
3, 11
Let m = -453 + 757. List the prime factors of m.
2, 19
Let n be ((-2)/(-3))/(10/135). Suppose -3*h + n + 13 = 2*b, 5*b = 4*h + 55. Suppose -4*f + b = -5. What are the prime factors of f?
2
Let f be 4/(-16) - 50/(-8). Let q = f + -3. Suppose i - q = 13. What are the prime factors of i?
2
Suppose -d + 2*b + 1 = -b, -5*b = 0. Let c(q) = 43*q**2 + q - 2. What are the prime factors of c(d)?
2, 3, 7
Suppose -1 = -n, 2*q + n = -0*n - 9. Let h = -18 + 2. Let p = q - h. List the prime factors of p.
11
Let u(z) = 3*z**3 + z**2 - 6*z + 3. Suppose 0*r + 4*v = 5*r - 18, -5*r = 5*v. What are the prime factors of u(r)?
19
Let h be (-6 - -4) + (0 - -11). Let m(j) = j**3 - 9*j**2 + 9. What are the prime factors of m(h)?
3
Let k = 10 - -9. What are the prime factors of k?
19
Let q = 22 - 16. Suppose 0 = q*f - 3*f + 5*n - 3, -f + 9 = -n. What are the prime factors of -2*3/f - -5?
2
Let b(j) = -j**3 - j**2 - j + 3. Let p be b(0). Suppose 5 + p = 2*y. Suppose y*k - 5*r = -k + 50, 2*k - 3*r = 19. List the prime factors of k.
11
Let r(o) = o**2 + o. Suppose 9 - 24 = -3*g, -4*x - 25 = -5*g. Let y be r(x). Suppose y = 3*f - 22 - 23. What are the prime factors of f?
3, 5
Let t(b) = -b**3 - 7*b**2 - 10*b + 7. List the prime factors of t(-5).
7
Let k(b) = 12*b. Let a be k(3). Suppose a = 3*v - 4*y, -3*y + 70 = 4*v - 3. What are the prime factors of v?
2
Let h(a) = -a**3 - 7*a**2 - 3*a - 4. Suppose